{"id":211,"date":"2020-03-13T15:09:45","date_gmt":"2020-03-13T15:09:45","guid":{"rendered":"https:\/\/ondesign.pt\/inicio\/?post_type=product&#038;p=211"},"modified":"2020-04-19T18:55:54","modified_gmt":"2020-04-19T18:55:54","slug":"solo-display-60x180-dupla-face","status":"publish","type":"product","link":"https:\/\/ondesign.pt\/inicio\/produto\/solo-display-60x180-dupla-face\/","title":{"rendered":"Solo Display 60&#215;180 Dupla Face"},"content":{"rendered":"","protected":false},"excerpt":{"rendered":"<p><img loading=\"lazy\" decoding=\"async\" class=\"alignnone size-full wp-image-1156\" src=\"https:\/\/ondesign.pt\/inicio\/wp-content\/uploads\/2020\/03\/imp.jpg\" alt=\"\" width=\"198\" height=\"28\" \/><\/p>\n<p><strong>O &#8220;Dupla Face&#8221; Mais Econ\u00f3mico<\/strong><\/p>\n<p>O\u00a0<strong>Solo Display 60&#215;180 Dupla Face<\/strong>, tamb\u00e9m conhecido por Mobile Banner, \u00e9 uma ferramenta de comunica\u00e7\u00e3o idealizada para espa\u00e7os fechados e pode ser utilizado em eventos, feiras, supermercados, lojas de roupa, hospitais e escrit\u00f3rios.<\/p>\n<p>Esta estrutura apresenta uma dimens\u00e3o gr\u00e1fica de 60x180cm. No entanto, a sua altura pode ser regulada consoante a produ\u00e7\u00e3o do seu cliente, enquanto a largura ter\u00e1 de ser sempre a mesma &#8211; 60cm.<\/p>\n<p>Para al\u00e9m desta capacidade de se adaptar, o Solo Display \u00e9 uma ferramenta de dupla face, ou seja, aguenta com produ\u00e7\u00e3o de ambos os lados.<\/p>\n<p>Assim, esta \u00e9 uma ferramenta acess\u00edvel, f\u00e1cil de utilizar e de montar, apresentando uma \u00e1rea vis\u00edvel consider\u00e1vel para n\u00e3o passar despercebida.<\/p>\n<p><strong>Vantagens deste produto<\/strong><br \/>\n&#8211; Montagem em menos de 1 minuto<br \/>\n&#8211; Port\u00e1til<br \/>\n&#8211; Leve<br \/>\n&#8211; Sem necessidade de ferramentas para montar<br \/>\n&#8211; F\u00e1cil de alterar a produ\u00e7\u00e3o<\/p>\n<p><strong>Acess\u00f3rios Inclu\u00eddos<\/strong><br \/>\n&#8211; Saco de transporte simples<\/p>\n<p><strong>Recomenda\u00e7\u00f5es<\/strong><br \/>\n&#8211; N\u00e3o deixar cair a estrutura de uma altura superior a 60 cm<\/p>\n","protected":false},"featured_media":508,"template":"","meta":{"cybocfi_hide_featured_image":"","jetpack_publicize_message":"","jetpack_publicize_feature_enabled":true,"jetpack_social_post_already_shared":false,"jetpack_social_options":{"image_generator_settings":{"template":"highway","default_image_id":0,"font":"","enabled":false},"version":2}},"product_brand":[],"product_cat":[250],"product_tag":[93],"class_list":{"0":"post-211","1":"product","2":"type-product","3":"status-publish","4":"has-post-thumbnail","6":"product_cat-banners","7":"product_tag-banners","9":"first","10":"instock","11":"taxable","12":"shipping-taxable","13":"purchasable","14":"product-type-simple"},"yoast_head":"<!-- This site is optimized with the Yoast SEO plugin v27.4 - https:\/\/yoast.com\/product\/yoast-seo-wordpress\/ -->\n<title>Solo Display 60x180 Dupla Face - Ondesign<\/title>\n<meta name=\"robots\" content=\"index, follow, max-snippet:-1, max-image-preview:large, max-video-preview:-1\" \/>\n<link rel=\"canonical\" href=\"https:\/\/ondesign.pt\/inicio\/produto\/solo-display-60x180-dupla-face\/\" \/>\n<meta property=\"og:locale\" content=\"pt_PT\" \/>\n<meta property=\"og:type\" content=\"article\" \/>\n<meta property=\"og:title\" content=\"Solo Display 60x180 Dupla Face - Ondesign\" \/>\n<meta property=\"og:description\" content=\"O &quot;Dupla Face&quot; Mais Econ\u00f3mico  O\u00a0Solo Display 60x180 Dupla Face, tamb\u00e9m conhecido por Mobile Banner, \u00e9 uma ferramenta de comunica\u00e7\u00e3o idealizada para espa\u00e7os fechados e pode ser utilizado em eventos, feiras, supermercados, lojas de roupa, hospitais e escrit\u00f3rios.  Esta estrutura apresenta uma dimens\u00e3o gr\u00e1fica de 60x180cm. No entanto, a sua altura pode ser regulada consoante a produ\u00e7\u00e3o do seu cliente, enquanto a largura ter\u00e1 de ser sempre a mesma - 60cm.  Para al\u00e9m desta capacidade de se adaptar, o Solo Display \u00e9 uma ferramenta de dupla face, ou seja, aguenta com produ\u00e7\u00e3o de ambos os lados.  Assim, esta \u00e9 uma ferramenta acess\u00edvel, f\u00e1cil de utilizar e de montar, apresentando uma \u00e1rea vis\u00edvel consider\u00e1vel para n\u00e3o passar despercebida.  Vantagens deste produto - Montagem em menos de 1 minuto - Port\u00e1til - Leve - Sem necessidade de ferramentas para montar - F\u00e1cil de alterar a produ\u00e7\u00e3o  Acess\u00f3rios Inclu\u00eddos - Saco de transporte simples  Recomenda\u00e7\u00f5es - N\u00e3o deixar cair a estrutura de uma altura superior a 60 cm\" \/>\n<meta property=\"og:url\" content=\"https:\/\/ondesign.pt\/inicio\/produto\/solo-display-60x180-dupla-face\/\" \/>\n<meta property=\"og:site_name\" content=\"Ondesign\" \/>\n<meta property=\"article:publisher\" content=\"https:\/\/www.facebook.com\/ondesignagency\" \/>\n<meta property=\"article:modified_time\" content=\"2020-04-19T18:55:54+00:00\" \/>\n<meta property=\"og:image\" content=\"https:\/\/i0.wp.com\/ondesign.pt\/inicio\/wp-content\/uploads\/2020\/03\/SOLO-DISPLAY-60X180-DUPLA-FACE-1-1.jpg?fit=427%2C498&ssl=1\" \/>\n\t<meta property=\"og:image:width\" content=\"427\" \/>\n\t<meta property=\"og:image:height\" content=\"498\" \/>\n\t<meta property=\"og:image:type\" content=\"image\/jpeg\" \/>\n<meta name=\"twitter:card\" content=\"summary_large_image\" \/>\n<script type=\"application\/ld+json\" class=\"yoast-schema-graph\">{\"@context\":\"https:\\\/\\\/schema.org\",\"@graph\":[{\"@type\":\"WebPage\",\"@id\":\"https:\\\/\\\/ondesign.pt\\\/inicio\\\/produto\\\/solo-display-60x180-dupla-face\\\/\",\"url\":\"https:\\\/\\\/ondesign.pt\\\/inicio\\\/produto\\\/solo-display-60x180-dupla-face\\\/\",\"name\":\"Solo Display 60x180 Dupla Face - Ondesign\",\"isPartOf\":{\"@id\":\"https:\\\/\\\/ondesign.pt\\\/inicio\\\/#website\"},\"primaryImageOfPage\":{\"@id\":\"https:\\\/\\\/ondesign.pt\\\/inicio\\\/produto\\\/solo-display-60x180-dupla-face\\\/#primaryimage\"},\"image\":{\"@id\":\"https:\\\/\\\/ondesign.pt\\\/inicio\\\/produto\\\/solo-display-60x180-dupla-face\\\/#primaryimage\"},\"thumbnailUrl\":\"https:\\\/\\\/i0.wp.com\\\/ondesign.pt\\\/inicio\\\/wp-content\\\/uploads\\\/2020\\\/03\\\/SOLO-DISPLAY-60X180-DUPLA-FACE-1-1.jpg?fit=427%2C498&ssl=1\",\"datePublished\":\"2020-03-13T15:09:45+00:00\",\"dateModified\":\"2020-04-19T18:55:54+00:00\",\"breadcrumb\":{\"@id\":\"https:\\\/\\\/ondesign.pt\\\/inicio\\\/produto\\\/solo-display-60x180-dupla-face\\\/#breadcrumb\"},\"inLanguage\":\"pt-PT\",\"potentialAction\":[{\"@type\":\"ReadAction\",\"target\":[\"https:\\\/\\\/ondesign.pt\\\/inicio\\\/produto\\\/solo-display-60x180-dupla-face\\\/\"]}]},{\"@type\":\"ImageObject\",\"inLanguage\":\"pt-PT\",\"@id\":\"https:\\\/\\\/ondesign.pt\\\/inicio\\\/produto\\\/solo-display-60x180-dupla-face\\\/#primaryimage\",\"url\":\"https:\\\/\\\/i0.wp.com\\\/ondesign.pt\\\/inicio\\\/wp-content\\\/uploads\\\/2020\\\/03\\\/SOLO-DISPLAY-60X180-DUPLA-FACE-1-1.jpg?fit=427%2C498&ssl=1\",\"contentUrl\":\"https:\\\/\\\/i0.wp.com\\\/ondesign.pt\\\/inicio\\\/wp-content\\\/uploads\\\/2020\\\/03\\\/SOLO-DISPLAY-60X180-DUPLA-FACE-1-1.jpg?fit=427%2C498&ssl=1\",\"width\":427,\"height\":498},{\"@type\":\"BreadcrumbList\",\"@id\":\"https:\\\/\\\/ondesign.pt\\\/inicio\\\/produto\\\/solo-display-60x180-dupla-face\\\/#breadcrumb\",\"itemListElement\":[{\"@type\":\"ListItem\",\"position\":1,\"name\":\"In\u00edcio\",\"item\":\"https:\\\/\\\/ondesign.pt\\\/inicio\\\/\"},{\"@type\":\"ListItem\",\"position\":2,\"name\":\"Home\",\"item\":\"https:\\\/\\\/ondesign.pt\\\/inicio\\\/home\\\/\"},{\"@type\":\"ListItem\",\"position\":3,\"name\":\"Solo Display 60&#215;180 Dupla Face\"}]},{\"@type\":\"WebSite\",\"@id\":\"https:\\\/\\\/ondesign.pt\\\/inicio\\\/#website\",\"url\":\"https:\\\/\\\/ondesign.pt\\\/inicio\\\/\",\"name\":\"Ondesign Acrilicos & Publicidade\",\"description\":\"Atelier de design e comunica\u00e7\u00e3o que desenvolve servi\u00e7os de Brand Design, Design Gr\u00e1fico &amp; Produtos\",\"publisher\":{\"@id\":\"https:\\\/\\\/ondesign.pt\\\/inicio\\\/#organization\"},\"potentialAction\":[{\"@type\":\"SearchAction\",\"target\":{\"@type\":\"EntryPoint\",\"urlTemplate\":\"https:\\\/\\\/ondesign.pt\\\/inicio\\\/?s={search_term_string}\"},\"query-input\":{\"@type\":\"PropertyValueSpecification\",\"valueRequired\":true,\"valueName\":\"search_term_string\"}}],\"inLanguage\":\"pt-PT\"},{\"@type\":\"Organization\",\"@id\":\"https:\\\/\\\/ondesign.pt\\\/inicio\\\/#organization\",\"name\":\"Ondesign Acrilicos & Publicidade\",\"url\":\"https:\\\/\\\/ondesign.pt\\\/inicio\\\/\",\"logo\":{\"@type\":\"ImageObject\",\"inLanguage\":\"pt-PT\",\"@id\":\"https:\\\/\\\/ondesign.pt\\\/inicio\\\/#\\\/schema\\\/logo\\\/image\\\/\",\"url\":\"https:\\\/\\\/i0.wp.com\\\/ondesign.pt\\\/inicio\\\/wp-content\\\/uploads\\\/2021\\\/01\\\/ondesign2.png?fit=250%2C88&ssl=1\",\"contentUrl\":\"https:\\\/\\\/i0.wp.com\\\/ondesign.pt\\\/inicio\\\/wp-content\\\/uploads\\\/2021\\\/01\\\/ondesign2.png?fit=250%2C88&ssl=1\",\"width\":250,\"height\":88,\"caption\":\"Ondesign Acrilicos & Publicidade\"},\"image\":{\"@id\":\"https:\\\/\\\/ondesign.pt\\\/inicio\\\/#\\\/schema\\\/logo\\\/image\\\/\"},\"sameAs\":[\"https:\\\/\\\/www.facebook.com\\\/ondesignagency\",\"https:\\\/\\\/www.instagram.com\\\/ondesign.pt\\\/\",\"https:\\\/\\\/www.linkedin.com\\\/in\\\/nuno-loureno-455835101\\\/\"]}]}<\/script>\n<!-- \/ Yoast SEO plugin. -->","yoast_head_json":{"title":"Solo Display 60x180 Dupla Face - Ondesign","robots":{"index":"index","follow":"follow","max-snippet":"max-snippet:-1","max-image-preview":"max-image-preview:large","max-video-preview":"max-video-preview:-1"},"canonical":"https:\/\/ondesign.pt\/inicio\/produto\/solo-display-60x180-dupla-face\/","og_locale":"pt_PT","og_type":"article","og_title":"Solo Display 60x180 Dupla Face - Ondesign","og_description":"O \"Dupla Face\" Mais Econ\u00f3mico  O\u00a0Solo Display 60x180 Dupla Face, tamb\u00e9m conhecido por Mobile Banner, \u00e9 uma ferramenta de comunica\u00e7\u00e3o idealizada para espa\u00e7os fechados e pode ser utilizado em eventos, feiras, supermercados, lojas de roupa, hospitais e escrit\u00f3rios.  Esta estrutura apresenta uma dimens\u00e3o gr\u00e1fica de 60x180cm. No entanto, a sua altura pode ser regulada consoante a produ\u00e7\u00e3o do seu cliente, enquanto a largura ter\u00e1 de ser sempre a mesma - 60cm.  Para al\u00e9m desta capacidade de se adaptar, o Solo Display \u00e9 uma ferramenta de dupla face, ou seja, aguenta com produ\u00e7\u00e3o de ambos os lados.  Assim, esta \u00e9 uma ferramenta acess\u00edvel, f\u00e1cil de utilizar e de montar, apresentando uma \u00e1rea vis\u00edvel consider\u00e1vel para n\u00e3o passar despercebida.  Vantagens deste produto - Montagem em menos de 1 minuto - Port\u00e1til - Leve - Sem necessidade de ferramentas para montar - F\u00e1cil de alterar a produ\u00e7\u00e3o  Acess\u00f3rios Inclu\u00eddos - Saco de transporte simples  Recomenda\u00e7\u00f5es - N\u00e3o deixar cair a estrutura de uma altura superior a 60 cm","og_url":"https:\/\/ondesign.pt\/inicio\/produto\/solo-display-60x180-dupla-face\/","og_site_name":"Ondesign","article_publisher":"https:\/\/www.facebook.com\/ondesignagency","article_modified_time":"2020-04-19T18:55:54+00:00","og_image":[{"width":427,"height":498,"url":"https:\/\/i0.wp.com\/ondesign.pt\/inicio\/wp-content\/uploads\/2020\/03\/SOLO-DISPLAY-60X180-DUPLA-FACE-1-1.jpg?fit=427%2C498&ssl=1","type":"image\/jpeg"}],"twitter_card":"summary_large_image","schema":{"@context":"https:\/\/schema.org","@graph":[{"@type":"WebPage","@id":"https:\/\/ondesign.pt\/inicio\/produto\/solo-display-60x180-dupla-face\/","url":"https:\/\/ondesign.pt\/inicio\/produto\/solo-display-60x180-dupla-face\/","name":"Solo Display 60x180 Dupla Face - Ondesign","isPartOf":{"@id":"https:\/\/ondesign.pt\/inicio\/#website"},"primaryImageOfPage":{"@id":"https:\/\/ondesign.pt\/inicio\/produto\/solo-display-60x180-dupla-face\/#primaryimage"},"image":{"@id":"https:\/\/ondesign.pt\/inicio\/produto\/solo-display-60x180-dupla-face\/#primaryimage"},"thumbnailUrl":"https:\/\/i0.wp.com\/ondesign.pt\/inicio\/wp-content\/uploads\/2020\/03\/SOLO-DISPLAY-60X180-DUPLA-FACE-1-1.jpg?fit=427%2C498&ssl=1","datePublished":"2020-03-13T15:09:45+00:00","dateModified":"2020-04-19T18:55:54+00:00","breadcrumb":{"@id":"https:\/\/ondesign.pt\/inicio\/produto\/solo-display-60x180-dupla-face\/#breadcrumb"},"inLanguage":"pt-PT","potentialAction":[{"@type":"ReadAction","target":["https:\/\/ondesign.pt\/inicio\/produto\/solo-display-60x180-dupla-face\/"]}]},{"@type":"ImageObject","inLanguage":"pt-PT","@id":"https:\/\/ondesign.pt\/inicio\/produto\/solo-display-60x180-dupla-face\/#primaryimage","url":"https:\/\/i0.wp.com\/ondesign.pt\/inicio\/wp-content\/uploads\/2020\/03\/SOLO-DISPLAY-60X180-DUPLA-FACE-1-1.jpg?fit=427%2C498&ssl=1","contentUrl":"https:\/\/i0.wp.com\/ondesign.pt\/inicio\/wp-content\/uploads\/2020\/03\/SOLO-DISPLAY-60X180-DUPLA-FACE-1-1.jpg?fit=427%2C498&ssl=1","width":427,"height":498},{"@type":"BreadcrumbList","@id":"https:\/\/ondesign.pt\/inicio\/produto\/solo-display-60x180-dupla-face\/#breadcrumb","itemListElement":[{"@type":"ListItem","position":1,"name":"In\u00edcio","item":"https:\/\/ondesign.pt\/inicio\/"},{"@type":"ListItem","position":2,"name":"Home","item":"https:\/\/ondesign.pt\/inicio\/home\/"},{"@type":"ListItem","position":3,"name":"Solo Display 60&#215;180 Dupla Face"}]},{"@type":"WebSite","@id":"https:\/\/ondesign.pt\/inicio\/#website","url":"https:\/\/ondesign.pt\/inicio\/","name":"Ondesign Acrilicos & Publicidade","description":"Atelier de design e comunica\u00e7\u00e3o que desenvolve servi\u00e7os de Brand Design, Design Gr\u00e1fico &amp; Produtos","publisher":{"@id":"https:\/\/ondesign.pt\/inicio\/#organization"},"potentialAction":[{"@type":"SearchAction","target":{"@type":"EntryPoint","urlTemplate":"https:\/\/ondesign.pt\/inicio\/?s={search_term_string}"},"query-input":{"@type":"PropertyValueSpecification","valueRequired":true,"valueName":"search_term_string"}}],"inLanguage":"pt-PT"},{"@type":"Organization","@id":"https:\/\/ondesign.pt\/inicio\/#organization","name":"Ondesign Acrilicos & Publicidade","url":"https:\/\/ondesign.pt\/inicio\/","logo":{"@type":"ImageObject","inLanguage":"pt-PT","@id":"https:\/\/ondesign.pt\/inicio\/#\/schema\/logo\/image\/","url":"https:\/\/i0.wp.com\/ondesign.pt\/inicio\/wp-content\/uploads\/2021\/01\/ondesign2.png?fit=250%2C88&ssl=1","contentUrl":"https:\/\/i0.wp.com\/ondesign.pt\/inicio\/wp-content\/uploads\/2021\/01\/ondesign2.png?fit=250%2C88&ssl=1","width":250,"height":88,"caption":"Ondesign Acrilicos & Publicidade"},"image":{"@id":"https:\/\/ondesign.pt\/inicio\/#\/schema\/logo\/image\/"},"sameAs":["https:\/\/www.facebook.com\/ondesignagency","https:\/\/www.instagram.com\/ondesign.pt\/","https:\/\/www.linkedin.com\/in\/nuno-loureno-455835101\/"]}]}},"jetpack_publicize_connections":[],"jetpack_sharing_enabled":true,"tiered_pricing_type":"fixed","tiered_pricing_fixed_rules":[],"tiered_pricing_product_settings":{"layout":"default","base_unit_name":{"singular":null,"plural":null},"default_variation":null},"tiered_pricing_minimum_quantity":null,"tiered_pricing_roles_data":[],"tiered_pricing_percentage_rules":[],"_links":{"self":[{"href":"https:\/\/ondesign.pt\/inicio\/wp-json\/wp\/v2\/product\/211","targetHints":{"allow":["GET"]}}],"collection":[{"href":"https:\/\/ondesign.pt\/inicio\/wp-json\/wp\/v2\/product"}],"about":[{"href":"https:\/\/ondesign.pt\/inicio\/wp-json\/wp\/v2\/types\/product"}],"wp:featuredmedia":[{"embeddable":true,"href":"https:\/\/ondesign.pt\/inicio\/wp-json\/wp\/v2\/media\/508"}],"wp:attachment":[{"href":"https:\/\/ondesign.pt\/inicio\/wp-json\/wp\/v2\/media?parent=211"}],"wp:term":[{"taxonomy":"product_brand","embeddable":true,"href":"https:\/\/ondesign.pt\/inicio\/wp-json\/wp\/v2\/product_brand?post=211"},{"taxonomy":"product_cat","embeddable":true,"href":"https:\/\/ondesign.pt\/inicio\/wp-json\/wp\/v2\/product_cat?post=211"},{"taxonomy":"product_tag","embeddable":true,"href":"https:\/\/ondesign.pt\/inicio\/wp-json\/wp\/v2\/product_tag?post=211"}],"curies":[{"name":"wp","href":"https:\/\/api.w.org\/{rel}","templated":true}]}}