{"id":240,"date":"2020-03-14T17:07:02","date_gmt":"2020-03-14T17:07:02","guid":{"rendered":"https:\/\/ondesign.pt\/inicio\/?post_type=product&#038;p=240"},"modified":"2024-03-03T11:06:33","modified_gmt":"2024-03-03T11:06:33","slug":"balcao-promo-a","status":"publish","type":"product","link":"https:\/\/ondesign.pt\/inicio\/produto\/balcao-promo-a\/","title":{"rendered":"Balc\u00e3o Promo A"},"content":{"rendered":"","protected":false},"excerpt":{"rendered":"<p><strong>Pr\u00e1tico e Econ\u00f3mico<\/strong><\/p>\n<p>O\u00a0<strong>Balc\u00e3o Promo A<\/strong>, tamb\u00e9m conhecido como\u00a0<strong>Promotion Counter<\/strong>, \u00e9 um marketing display port\u00e1til f\u00e1cil e r\u00e1pido de montar.<\/p>\n<p>Este Balc\u00e3o \u00e9 feito em PVC r\u00edgido, que \u00e9 um material de alta qualidade e durabilidade.<\/p>\n<p>Esta ferramenta de promo\u00e7\u00e3o traz como acess\u00f3rio um saco de\u00a0transporte de modo a facilitar a sua desloca\u00e7\u00e3o e melhorar a sua arruma\u00e7\u00e3o para quando n\u00e3o estiver a ser utilizado.<\/p>\n<p>Para al\u00e9m disso, este produto pode ser utilizado em diversas situa\u00e7\u00f5es e para diversos fins, como\u00a0\u00e9 o caso de balc\u00f5es de degusta\u00e7\u00e3o em supermercados, promo\u00e7\u00e3o de novos produtos e\u00a0expositores.<\/p>\n<p><strong>Vantagens<\/strong><br \/>\n&#8211; Sem necessidade de ferramentas para montar<br \/>\n&#8211; Port\u00e1til<br \/>\n&#8211; Econ\u00f3mico<\/p>\n<p><strong>Acess\u00f3rios Inclu\u00eddos<\/strong><br \/>\n&#8211; Saco de transporte<\/p>\n<p><strong>Recomenda\u00e7\u00f5es<\/strong><br \/>\n&#8211; N\u00e3o deixar cair a estrutura de uma altura superior a 60 cm<\/p>\n","protected":false},"featured_media":255,"template":"","meta":{"cybocfi_hide_featured_image":"","jetpack_publicize_message":"","jetpack_publicize_feature_enabled":true,"jetpack_social_post_already_shared":false,"jetpack_social_options":{"image_generator_settings":{"template":"highway","default_image_id":0,"font":"","enabled":false},"version":2}},"product_brand":[],"product_cat":[20],"product_tag":[37],"class_list":{"0":"post-240","1":"product","2":"type-product","3":"status-publish","4":"has-post-thumbnail","6":"product_cat-balcoes","7":"product_tag-balcoes","9":"first","10":"instock","11":"taxable","12":"shipping-taxable","13":"purchasable","14":"product-type-simple"},"yoast_head":"<!-- This site is optimized with the Yoast SEO plugin v27.4 - https:\/\/yoast.com\/product\/yoast-seo-wordpress\/ -->\n<title>Balc\u00e3o Promo A - Ondesign<\/title>\n<meta name=\"robots\" content=\"index, follow, max-snippet:-1, max-image-preview:large, max-video-preview:-1\" \/>\n<link rel=\"canonical\" href=\"https:\/\/ondesign.pt\/inicio\/produto\/balcao-promo-a\/\" \/>\n<meta property=\"og:locale\" content=\"pt_PT\" \/>\n<meta property=\"og:type\" content=\"article\" \/>\n<meta property=\"og:title\" content=\"Balc\u00e3o Promo A - Ondesign\" \/>\n<meta property=\"og:description\" content=\"Pr\u00e1tico e Econ\u00f3mico  O\u00a0Balc\u00e3o Promo A, tamb\u00e9m conhecido como\u00a0Promotion Counter, \u00e9 um marketing display port\u00e1til f\u00e1cil e r\u00e1pido de montar.  Este Balc\u00e3o \u00e9 feito em PVC r\u00edgido, que \u00e9 um material de alta qualidade e durabilidade.  Esta ferramenta de promo\u00e7\u00e3o traz como acess\u00f3rio um saco de\u00a0transporte de modo a facilitar a sua desloca\u00e7\u00e3o e melhorar a sua arruma\u00e7\u00e3o para quando n\u00e3o estiver a ser utilizado.  Para al\u00e9m disso, este produto pode ser utilizado em diversas situa\u00e7\u00f5es e para diversos fins, como\u00a0\u00e9 o caso de balc\u00f5es de degusta\u00e7\u00e3o em supermercados, promo\u00e7\u00e3o de novos produtos e\u00a0expositores.  Vantagens - Sem necessidade de ferramentas para montar - Port\u00e1til - Econ\u00f3mico  Acess\u00f3rios Inclu\u00eddos - Saco de transporte  Recomenda\u00e7\u00f5es - N\u00e3o deixar cair a estrutura de uma altura superior a 60 cm\" \/>\n<meta property=\"og:url\" content=\"https:\/\/ondesign.pt\/inicio\/produto\/balcao-promo-a\/\" \/>\n<meta property=\"og:site_name\" content=\"Ondesign\" \/>\n<meta property=\"article:publisher\" content=\"https:\/\/www.facebook.com\/ondesignagency\" \/>\n<meta property=\"article:modified_time\" content=\"2024-03-03T11:06:33+00:00\" \/>\n<meta property=\"og:image\" content=\"https:\/\/i0.wp.com\/ondesign.pt\/inicio\/wp-content\/uploads\/2020\/03\/BALC%C3%83O-PROMO-A-1.jpg?fit=781%2C716&ssl=1\" \/>\n\t<meta property=\"og:image:width\" content=\"781\" \/>\n\t<meta property=\"og:image:height\" content=\"716\" \/>\n\t<meta property=\"og:image:type\" content=\"image\/jpeg\" \/>\n<meta name=\"twitter:card\" content=\"summary_large_image\" \/>\n<script type=\"application\/ld+json\" class=\"yoast-schema-graph\">{\"@context\":\"https:\\\/\\\/schema.org\",\"@graph\":[{\"@type\":\"WebPage\",\"@id\":\"https:\\\/\\\/ondesign.pt\\\/inicio\\\/produto\\\/balcao-promo-a\\\/\",\"url\":\"https:\\\/\\\/ondesign.pt\\\/inicio\\\/produto\\\/balcao-promo-a\\\/\",\"name\":\"Balc\u00e3o Promo A - Ondesign\",\"isPartOf\":{\"@id\":\"https:\\\/\\\/ondesign.pt\\\/inicio\\\/#website\"},\"primaryImageOfPage\":{\"@id\":\"https:\\\/\\\/ondesign.pt\\\/inicio\\\/produto\\\/balcao-promo-a\\\/#primaryimage\"},\"image\":{\"@id\":\"https:\\\/\\\/ondesign.pt\\\/inicio\\\/produto\\\/balcao-promo-a\\\/#primaryimage\"},\"thumbnailUrl\":\"https:\\\/\\\/i0.wp.com\\\/ondesign.pt\\\/inicio\\\/wp-content\\\/uploads\\\/2020\\\/03\\\/BALC%C3%83O-PROMO-A-1.jpg?fit=781%2C716&ssl=1\",\"datePublished\":\"2020-03-14T17:07:02+00:00\",\"dateModified\":\"2024-03-03T11:06:33+00:00\",\"breadcrumb\":{\"@id\":\"https:\\\/\\\/ondesign.pt\\\/inicio\\\/produto\\\/balcao-promo-a\\\/#breadcrumb\"},\"inLanguage\":\"pt-PT\",\"potentialAction\":[{\"@type\":\"ReadAction\",\"target\":[\"https:\\\/\\\/ondesign.pt\\\/inicio\\\/produto\\\/balcao-promo-a\\\/\"]}]},{\"@type\":\"ImageObject\",\"inLanguage\":\"pt-PT\",\"@id\":\"https:\\\/\\\/ondesign.pt\\\/inicio\\\/produto\\\/balcao-promo-a\\\/#primaryimage\",\"url\":\"https:\\\/\\\/i0.wp.com\\\/ondesign.pt\\\/inicio\\\/wp-content\\\/uploads\\\/2020\\\/03\\\/BALC%C3%83O-PROMO-A-1.jpg?fit=781%2C716&ssl=1\",\"contentUrl\":\"https:\\\/\\\/i0.wp.com\\\/ondesign.pt\\\/inicio\\\/wp-content\\\/uploads\\\/2020\\\/03\\\/BALC%C3%83O-PROMO-A-1.jpg?fit=781%2C716&ssl=1\",\"width\":781,\"height\":716},{\"@type\":\"BreadcrumbList\",\"@id\":\"https:\\\/\\\/ondesign.pt\\\/inicio\\\/produto\\\/balcao-promo-a\\\/#breadcrumb\",\"itemListElement\":[{\"@type\":\"ListItem\",\"position\":1,\"name\":\"In\u00edcio\",\"item\":\"https:\\\/\\\/ondesign.pt\\\/inicio\\\/\"},{\"@type\":\"ListItem\",\"position\":2,\"name\":\"Home\",\"item\":\"https:\\\/\\\/ondesign.pt\\\/inicio\\\/home\\\/\"},{\"@type\":\"ListItem\",\"position\":3,\"name\":\"Balc\u00e3o Promo A\"}]},{\"@type\":\"WebSite\",\"@id\":\"https:\\\/\\\/ondesign.pt\\\/inicio\\\/#website\",\"url\":\"https:\\\/\\\/ondesign.pt\\\/inicio\\\/\",\"name\":\"Ondesign Acrilicos & Publicidade\",\"description\":\"Atelier de design e comunica\u00e7\u00e3o que desenvolve servi\u00e7os de Brand Design, Design Gr\u00e1fico &amp; Produtos\",\"publisher\":{\"@id\":\"https:\\\/\\\/ondesign.pt\\\/inicio\\\/#organization\"},\"potentialAction\":[{\"@type\":\"SearchAction\",\"target\":{\"@type\":\"EntryPoint\",\"urlTemplate\":\"https:\\\/\\\/ondesign.pt\\\/inicio\\\/?s={search_term_string}\"},\"query-input\":{\"@type\":\"PropertyValueSpecification\",\"valueRequired\":true,\"valueName\":\"search_term_string\"}}],\"inLanguage\":\"pt-PT\"},{\"@type\":\"Organization\",\"@id\":\"https:\\\/\\\/ondesign.pt\\\/inicio\\\/#organization\",\"name\":\"Ondesign Acrilicos & Publicidade\",\"url\":\"https:\\\/\\\/ondesign.pt\\\/inicio\\\/\",\"logo\":{\"@type\":\"ImageObject\",\"inLanguage\":\"pt-PT\",\"@id\":\"https:\\\/\\\/ondesign.pt\\\/inicio\\\/#\\\/schema\\\/logo\\\/image\\\/\",\"url\":\"https:\\\/\\\/i0.wp.com\\\/ondesign.pt\\\/inicio\\\/wp-content\\\/uploads\\\/2021\\\/01\\\/ondesign2.png?fit=250%2C88&ssl=1\",\"contentUrl\":\"https:\\\/\\\/i0.wp.com\\\/ondesign.pt\\\/inicio\\\/wp-content\\\/uploads\\\/2021\\\/01\\\/ondesign2.png?fit=250%2C88&ssl=1\",\"width\":250,\"height\":88,\"caption\":\"Ondesign Acrilicos & Publicidade\"},\"image\":{\"@id\":\"https:\\\/\\\/ondesign.pt\\\/inicio\\\/#\\\/schema\\\/logo\\\/image\\\/\"},\"sameAs\":[\"https:\\\/\\\/www.facebook.com\\\/ondesignagency\",\"https:\\\/\\\/www.instagram.com\\\/ondesign.pt\\\/\",\"https:\\\/\\\/www.linkedin.com\\\/in\\\/nuno-loureno-455835101\\\/\"]}]}<\/script>\n<!-- \/ Yoast SEO plugin. -->","yoast_head_json":{"title":"Balc\u00e3o Promo A - Ondesign","robots":{"index":"index","follow":"follow","max-snippet":"max-snippet:-1","max-image-preview":"max-image-preview:large","max-video-preview":"max-video-preview:-1"},"canonical":"https:\/\/ondesign.pt\/inicio\/produto\/balcao-promo-a\/","og_locale":"pt_PT","og_type":"article","og_title":"Balc\u00e3o Promo A - Ondesign","og_description":"Pr\u00e1tico e Econ\u00f3mico  O\u00a0Balc\u00e3o Promo A, tamb\u00e9m conhecido como\u00a0Promotion Counter, \u00e9 um marketing display port\u00e1til f\u00e1cil e r\u00e1pido de montar.  Este Balc\u00e3o \u00e9 feito em PVC r\u00edgido, que \u00e9 um material de alta qualidade e durabilidade.  Esta ferramenta de promo\u00e7\u00e3o traz como acess\u00f3rio um saco de\u00a0transporte de modo a facilitar a sua desloca\u00e7\u00e3o e melhorar a sua arruma\u00e7\u00e3o para quando n\u00e3o estiver a ser utilizado.  Para al\u00e9m disso, este produto pode ser utilizado em diversas situa\u00e7\u00f5es e para diversos fins, como\u00a0\u00e9 o caso de balc\u00f5es de degusta\u00e7\u00e3o em supermercados, promo\u00e7\u00e3o de novos produtos e\u00a0expositores.  Vantagens - Sem necessidade de ferramentas para montar - Port\u00e1til - Econ\u00f3mico  Acess\u00f3rios Inclu\u00eddos - Saco de transporte  Recomenda\u00e7\u00f5es - N\u00e3o deixar cair a estrutura de uma altura superior a 60 cm","og_url":"https:\/\/ondesign.pt\/inicio\/produto\/balcao-promo-a\/","og_site_name":"Ondesign","article_publisher":"https:\/\/www.facebook.com\/ondesignagency","article_modified_time":"2024-03-03T11:06:33+00:00","og_image":[{"width":781,"height":716,"url":"https:\/\/i0.wp.com\/ondesign.pt\/inicio\/wp-content\/uploads\/2020\/03\/BALC%C3%83O-PROMO-A-1.jpg?fit=781%2C716&ssl=1","type":"image\/jpeg"}],"twitter_card":"summary_large_image","schema":{"@context":"https:\/\/schema.org","@graph":[{"@type":"WebPage","@id":"https:\/\/ondesign.pt\/inicio\/produto\/balcao-promo-a\/","url":"https:\/\/ondesign.pt\/inicio\/produto\/balcao-promo-a\/","name":"Balc\u00e3o Promo A - Ondesign","isPartOf":{"@id":"https:\/\/ondesign.pt\/inicio\/#website"},"primaryImageOfPage":{"@id":"https:\/\/ondesign.pt\/inicio\/produto\/balcao-promo-a\/#primaryimage"},"image":{"@id":"https:\/\/ondesign.pt\/inicio\/produto\/balcao-promo-a\/#primaryimage"},"thumbnailUrl":"https:\/\/i0.wp.com\/ondesign.pt\/inicio\/wp-content\/uploads\/2020\/03\/BALC%C3%83O-PROMO-A-1.jpg?fit=781%2C716&ssl=1","datePublished":"2020-03-14T17:07:02+00:00","dateModified":"2024-03-03T11:06:33+00:00","breadcrumb":{"@id":"https:\/\/ondesign.pt\/inicio\/produto\/balcao-promo-a\/#breadcrumb"},"inLanguage":"pt-PT","potentialAction":[{"@type":"ReadAction","target":["https:\/\/ondesign.pt\/inicio\/produto\/balcao-promo-a\/"]}]},{"@type":"ImageObject","inLanguage":"pt-PT","@id":"https:\/\/ondesign.pt\/inicio\/produto\/balcao-promo-a\/#primaryimage","url":"https:\/\/i0.wp.com\/ondesign.pt\/inicio\/wp-content\/uploads\/2020\/03\/BALC%C3%83O-PROMO-A-1.jpg?fit=781%2C716&ssl=1","contentUrl":"https:\/\/i0.wp.com\/ondesign.pt\/inicio\/wp-content\/uploads\/2020\/03\/BALC%C3%83O-PROMO-A-1.jpg?fit=781%2C716&ssl=1","width":781,"height":716},{"@type":"BreadcrumbList","@id":"https:\/\/ondesign.pt\/inicio\/produto\/balcao-promo-a\/#breadcrumb","itemListElement":[{"@type":"ListItem","position":1,"name":"In\u00edcio","item":"https:\/\/ondesign.pt\/inicio\/"},{"@type":"ListItem","position":2,"name":"Home","item":"https:\/\/ondesign.pt\/inicio\/home\/"},{"@type":"ListItem","position":3,"name":"Balc\u00e3o Promo A"}]},{"@type":"WebSite","@id":"https:\/\/ondesign.pt\/inicio\/#website","url":"https:\/\/ondesign.pt\/inicio\/","name":"Ondesign Acrilicos & Publicidade","description":"Atelier de design e comunica\u00e7\u00e3o que desenvolve servi\u00e7os de Brand Design, Design Gr\u00e1fico &amp; Produtos","publisher":{"@id":"https:\/\/ondesign.pt\/inicio\/#organization"},"potentialAction":[{"@type":"SearchAction","target":{"@type":"EntryPoint","urlTemplate":"https:\/\/ondesign.pt\/inicio\/?s={search_term_string}"},"query-input":{"@type":"PropertyValueSpecification","valueRequired":true,"valueName":"search_term_string"}}],"inLanguage":"pt-PT"},{"@type":"Organization","@id":"https:\/\/ondesign.pt\/inicio\/#organization","name":"Ondesign Acrilicos & Publicidade","url":"https:\/\/ondesign.pt\/inicio\/","logo":{"@type":"ImageObject","inLanguage":"pt-PT","@id":"https:\/\/ondesign.pt\/inicio\/#\/schema\/logo\/image\/","url":"https:\/\/i0.wp.com\/ondesign.pt\/inicio\/wp-content\/uploads\/2021\/01\/ondesign2.png?fit=250%2C88&ssl=1","contentUrl":"https:\/\/i0.wp.com\/ondesign.pt\/inicio\/wp-content\/uploads\/2021\/01\/ondesign2.png?fit=250%2C88&ssl=1","width":250,"height":88,"caption":"Ondesign Acrilicos & Publicidade"},"image":{"@id":"https:\/\/ondesign.pt\/inicio\/#\/schema\/logo\/image\/"},"sameAs":["https:\/\/www.facebook.com\/ondesignagency","https:\/\/www.instagram.com\/ondesign.pt\/","https:\/\/www.linkedin.com\/in\/nuno-loureno-455835101\/"]}]}},"jetpack_publicize_connections":[],"jetpack_sharing_enabled":true,"tiered_pricing_type":"fixed","tiered_pricing_fixed_rules":[],"tiered_pricing_product_settings":{"layout":"default","base_unit_name":{"singular":null,"plural":null},"default_variation":null},"tiered_pricing_minimum_quantity":null,"tiered_pricing_roles_data":[],"tiered_pricing_percentage_rules":[],"_links":{"self":[{"href":"https:\/\/ondesign.pt\/inicio\/wp-json\/wp\/v2\/product\/240","targetHints":{"allow":["GET"]}}],"collection":[{"href":"https:\/\/ondesign.pt\/inicio\/wp-json\/wp\/v2\/product"}],"about":[{"href":"https:\/\/ondesign.pt\/inicio\/wp-json\/wp\/v2\/types\/product"}],"wp:featuredmedia":[{"embeddable":true,"href":"https:\/\/ondesign.pt\/inicio\/wp-json\/wp\/v2\/media\/255"}],"wp:attachment":[{"href":"https:\/\/ondesign.pt\/inicio\/wp-json\/wp\/v2\/media?parent=240"}],"wp:term":[{"taxonomy":"product_brand","embeddable":true,"href":"https:\/\/ondesign.pt\/inicio\/wp-json\/wp\/v2\/product_brand?post=240"},{"taxonomy":"product_cat","embeddable":true,"href":"https:\/\/ondesign.pt\/inicio\/wp-json\/wp\/v2\/product_cat?post=240"},{"taxonomy":"product_tag","embeddable":true,"href":"https:\/\/ondesign.pt\/inicio\/wp-json\/wp\/v2\/product_tag?post=240"}],"curies":[{"name":"wp","href":"https:\/\/api.w.org\/{rel}","templated":true}]}}