{"id":277,"date":"2020-03-17T12:17:03","date_gmt":"2020-03-17T12:17:03","guid":{"rendered":"https:\/\/ondesign.pt\/inicio\/?post_type=product&#038;p=277"},"modified":"2020-04-09T11:50:37","modified_gmt":"2020-04-09T11:50:37","slug":"snap-security-25-cantos-rectos-a4","status":"publish","type":"product","link":"https:\/\/ondesign.pt\/inicio\/produto\/snap-security-25-cantos-rectos-a4\/","title":{"rendered":"Snap Security 25 Cantos Retos A4"},"content":{"rendered":"","protected":false},"excerpt":{"rendered":"<div>\n<p>O\u00a0<strong>Snap Security 25<\/strong>\u00a0<strong>Cantos Retos<\/strong> \u00e9 um quadro de alum\u00ednio anodizado, com cantos retos, perfis de 25mm de largura e um mecanismo de abertura &#8220;click-clack&#8221;.<\/p>\n<p>Os perfis do Snap Security s\u00e3o de dif\u00edcil abertura, o que garante a seguran\u00e7a da informa\u00e7\u00e3o no seu interior.<\/p>\n<p>Este produto traz como acess\u00f3rio uma chave, em pl\u00e1stico, para facilitar a abertura dos perfis.<\/p>\n<p>Pela seguran\u00e7a que oferece, o Snap Security \u00e9 adequado para \u00e1reas de acesso p\u00fablico, com elevado tr\u00e1fego de pessoas.<\/p>\n<p>Inclui uma filmina antirreflexo para prote\u00e7\u00e3o da produ\u00e7\u00e3o.<\/p>\n<\/div>\n<div>Dispon\u00edvel em diferentes tamanhos, standard (A4, A3, A2, A1 e A0) e personalizados.<\/div>\n","protected":false},"featured_media":275,"template":"","meta":{"cybocfi_hide_featured_image":"","jetpack_publicize_message":"","jetpack_publicize_feature_enabled":true,"jetpack_social_post_already_shared":false,"jetpack_social_options":{"image_generator_settings":{"template":"highway","default_image_id":0,"font":"","enabled":false},"version":2}},"product_brand":[],"product_cat":[25],"product_tag":[97],"class_list":{"0":"post-277","1":"product","2":"type-product","3":"status-publish","4":"has-post-thumbnail","6":"product_cat-snap-frame","7":"product_tag-snapframe","9":"first","10":"instock","11":"taxable","12":"shipping-taxable","13":"purchasable","14":"product-type-simple"},"yoast_head":"<!-- This site is optimized with the Yoast SEO plugin v27.4 - https:\/\/yoast.com\/product\/yoast-seo-wordpress\/ -->\n<title>Snap Security 25 Cantos Retos A4 - Ondesign<\/title>\n<meta name=\"robots\" content=\"index, follow, max-snippet:-1, max-image-preview:large, max-video-preview:-1\" \/>\n<link rel=\"canonical\" href=\"https:\/\/ondesign.pt\/inicio\/produto\/snap-security-25-cantos-rectos-a4\/\" \/>\n<meta property=\"og:locale\" content=\"pt_PT\" \/>\n<meta property=\"og:type\" content=\"article\" \/>\n<meta property=\"og:title\" content=\"Snap Security 25 Cantos Retos A4 - Ondesign\" \/>\n<meta property=\"og:description\" content=\"O\u00a0Snap Security 25\u00a0Cantos Retos \u00e9 um quadro de alum\u00ednio anodizado, com cantos retos, perfis de 25mm de largura e um mecanismo de abertura &quot;click-clack&quot;.  Os perfis do Snap Security s\u00e3o de dif\u00edcil abertura, o que garante a seguran\u00e7a da informa\u00e7\u00e3o no seu interior.  Este produto traz como acess\u00f3rio uma chave, em pl\u00e1stico, para facilitar a abertura dos perfis.  Pela seguran\u00e7a que oferece, o Snap Security \u00e9 adequado para \u00e1reas de acesso p\u00fablico, com elevado tr\u00e1fego de pessoas.  Inclui uma filmina antirreflexo para prote\u00e7\u00e3o da produ\u00e7\u00e3o.   Dispon\u00edvel em diferentes tamanhos, standard (A4, A3, A2, A1 e A0) e personalizados.\" \/>\n<meta property=\"og:url\" content=\"https:\/\/ondesign.pt\/inicio\/produto\/snap-security-25-cantos-rectos-a4\/\" \/>\n<meta property=\"og:site_name\" content=\"Ondesign\" \/>\n<meta property=\"article:publisher\" content=\"https:\/\/www.facebook.com\/ondesignagency\" \/>\n<meta property=\"article:modified_time\" content=\"2020-04-09T11:50:37+00:00\" \/>\n<meta property=\"og:image\" content=\"https:\/\/i0.wp.com\/ondesign.pt\/inicio\/wp-content\/uploads\/2020\/03\/SNAP-SECURITY-25-CANTOS-RECTOS-A4.jpg?fit=427%2C488&ssl=1\" \/>\n\t<meta property=\"og:image:width\" content=\"427\" \/>\n\t<meta property=\"og:image:height\" content=\"488\" \/>\n\t<meta property=\"og:image:type\" content=\"image\/jpeg\" \/>\n<meta name=\"twitter:card\" content=\"summary_large_image\" \/>\n<script type=\"application\/ld+json\" class=\"yoast-schema-graph\">{\"@context\":\"https:\\\/\\\/schema.org\",\"@graph\":[{\"@type\":\"WebPage\",\"@id\":\"https:\\\/\\\/ondesign.pt\\\/inicio\\\/produto\\\/snap-security-25-cantos-rectos-a4\\\/\",\"url\":\"https:\\\/\\\/ondesign.pt\\\/inicio\\\/produto\\\/snap-security-25-cantos-rectos-a4\\\/\",\"name\":\"Snap Security 25 Cantos Retos A4 - Ondesign\",\"isPartOf\":{\"@id\":\"https:\\\/\\\/ondesign.pt\\\/inicio\\\/#website\"},\"primaryImageOfPage\":{\"@id\":\"https:\\\/\\\/ondesign.pt\\\/inicio\\\/produto\\\/snap-security-25-cantos-rectos-a4\\\/#primaryimage\"},\"image\":{\"@id\":\"https:\\\/\\\/ondesign.pt\\\/inicio\\\/produto\\\/snap-security-25-cantos-rectos-a4\\\/#primaryimage\"},\"thumbnailUrl\":\"https:\\\/\\\/i0.wp.com\\\/ondesign.pt\\\/inicio\\\/wp-content\\\/uploads\\\/2020\\\/03\\\/SNAP-SECURITY-25-CANTOS-RECTOS-A4.jpg?fit=427%2C488&ssl=1\",\"datePublished\":\"2020-03-17T12:17:03+00:00\",\"dateModified\":\"2020-04-09T11:50:37+00:00\",\"breadcrumb\":{\"@id\":\"https:\\\/\\\/ondesign.pt\\\/inicio\\\/produto\\\/snap-security-25-cantos-rectos-a4\\\/#breadcrumb\"},\"inLanguage\":\"pt-PT\",\"potentialAction\":[{\"@type\":\"ReadAction\",\"target\":[\"https:\\\/\\\/ondesign.pt\\\/inicio\\\/produto\\\/snap-security-25-cantos-rectos-a4\\\/\"]}]},{\"@type\":\"ImageObject\",\"inLanguage\":\"pt-PT\",\"@id\":\"https:\\\/\\\/ondesign.pt\\\/inicio\\\/produto\\\/snap-security-25-cantos-rectos-a4\\\/#primaryimage\",\"url\":\"https:\\\/\\\/i0.wp.com\\\/ondesign.pt\\\/inicio\\\/wp-content\\\/uploads\\\/2020\\\/03\\\/SNAP-SECURITY-25-CANTOS-RECTOS-A4.jpg?fit=427%2C488&ssl=1\",\"contentUrl\":\"https:\\\/\\\/i0.wp.com\\\/ondesign.pt\\\/inicio\\\/wp-content\\\/uploads\\\/2020\\\/03\\\/SNAP-SECURITY-25-CANTOS-RECTOS-A4.jpg?fit=427%2C488&ssl=1\",\"width\":427,\"height\":488},{\"@type\":\"BreadcrumbList\",\"@id\":\"https:\\\/\\\/ondesign.pt\\\/inicio\\\/produto\\\/snap-security-25-cantos-rectos-a4\\\/#breadcrumb\",\"itemListElement\":[{\"@type\":\"ListItem\",\"position\":1,\"name\":\"In\u00edcio\",\"item\":\"https:\\\/\\\/ondesign.pt\\\/inicio\\\/\"},{\"@type\":\"ListItem\",\"position\":2,\"name\":\"Home\",\"item\":\"https:\\\/\\\/ondesign.pt\\\/inicio\\\/home\\\/\"},{\"@type\":\"ListItem\",\"position\":3,\"name\":\"Snap Security 25 Cantos Retos A4\"}]},{\"@type\":\"WebSite\",\"@id\":\"https:\\\/\\\/ondesign.pt\\\/inicio\\\/#website\",\"url\":\"https:\\\/\\\/ondesign.pt\\\/inicio\\\/\",\"name\":\"Ondesign Acrilicos & Publicidade\",\"description\":\"Atelier de design e comunica\u00e7\u00e3o que desenvolve servi\u00e7os de Brand Design, Design Gr\u00e1fico &amp; Produtos\",\"publisher\":{\"@id\":\"https:\\\/\\\/ondesign.pt\\\/inicio\\\/#organization\"},\"potentialAction\":[{\"@type\":\"SearchAction\",\"target\":{\"@type\":\"EntryPoint\",\"urlTemplate\":\"https:\\\/\\\/ondesign.pt\\\/inicio\\\/?s={search_term_string}\"},\"query-input\":{\"@type\":\"PropertyValueSpecification\",\"valueRequired\":true,\"valueName\":\"search_term_string\"}}],\"inLanguage\":\"pt-PT\"},{\"@type\":\"Organization\",\"@id\":\"https:\\\/\\\/ondesign.pt\\\/inicio\\\/#organization\",\"name\":\"Ondesign Acrilicos & Publicidade\",\"url\":\"https:\\\/\\\/ondesign.pt\\\/inicio\\\/\",\"logo\":{\"@type\":\"ImageObject\",\"inLanguage\":\"pt-PT\",\"@id\":\"https:\\\/\\\/ondesign.pt\\\/inicio\\\/#\\\/schema\\\/logo\\\/image\\\/\",\"url\":\"https:\\\/\\\/i0.wp.com\\\/ondesign.pt\\\/inicio\\\/wp-content\\\/uploads\\\/2021\\\/01\\\/ondesign2.png?fit=250%2C88&ssl=1\",\"contentUrl\":\"https:\\\/\\\/i0.wp.com\\\/ondesign.pt\\\/inicio\\\/wp-content\\\/uploads\\\/2021\\\/01\\\/ondesign2.png?fit=250%2C88&ssl=1\",\"width\":250,\"height\":88,\"caption\":\"Ondesign Acrilicos & Publicidade\"},\"image\":{\"@id\":\"https:\\\/\\\/ondesign.pt\\\/inicio\\\/#\\\/schema\\\/logo\\\/image\\\/\"},\"sameAs\":[\"https:\\\/\\\/www.facebook.com\\\/ondesignagency\",\"https:\\\/\\\/www.instagram.com\\\/ondesign.pt\\\/\",\"https:\\\/\\\/www.linkedin.com\\\/in\\\/nuno-loureno-455835101\\\/\"]}]}<\/script>\n<!-- \/ Yoast SEO plugin. -->","yoast_head_json":{"title":"Snap Security 25 Cantos Retos A4 - Ondesign","robots":{"index":"index","follow":"follow","max-snippet":"max-snippet:-1","max-image-preview":"max-image-preview:large","max-video-preview":"max-video-preview:-1"},"canonical":"https:\/\/ondesign.pt\/inicio\/produto\/snap-security-25-cantos-rectos-a4\/","og_locale":"pt_PT","og_type":"article","og_title":"Snap Security 25 Cantos Retos A4 - Ondesign","og_description":"O\u00a0Snap Security 25\u00a0Cantos Retos \u00e9 um quadro de alum\u00ednio anodizado, com cantos retos, perfis de 25mm de largura e um mecanismo de abertura \"click-clack\".  Os perfis do Snap Security s\u00e3o de dif\u00edcil abertura, o que garante a seguran\u00e7a da informa\u00e7\u00e3o no seu interior.  Este produto traz como acess\u00f3rio uma chave, em pl\u00e1stico, para facilitar a abertura dos perfis.  Pela seguran\u00e7a que oferece, o Snap Security \u00e9 adequado para \u00e1reas de acesso p\u00fablico, com elevado tr\u00e1fego de pessoas.  Inclui uma filmina antirreflexo para prote\u00e7\u00e3o da produ\u00e7\u00e3o.   Dispon\u00edvel em diferentes tamanhos, standard (A4, A3, A2, A1 e A0) e personalizados.","og_url":"https:\/\/ondesign.pt\/inicio\/produto\/snap-security-25-cantos-rectos-a4\/","og_site_name":"Ondesign","article_publisher":"https:\/\/www.facebook.com\/ondesignagency","article_modified_time":"2020-04-09T11:50:37+00:00","og_image":[{"width":427,"height":488,"url":"https:\/\/i0.wp.com\/ondesign.pt\/inicio\/wp-content\/uploads\/2020\/03\/SNAP-SECURITY-25-CANTOS-RECTOS-A4.jpg?fit=427%2C488&ssl=1","type":"image\/jpeg"}],"twitter_card":"summary_large_image","schema":{"@context":"https:\/\/schema.org","@graph":[{"@type":"WebPage","@id":"https:\/\/ondesign.pt\/inicio\/produto\/snap-security-25-cantos-rectos-a4\/","url":"https:\/\/ondesign.pt\/inicio\/produto\/snap-security-25-cantos-rectos-a4\/","name":"Snap Security 25 Cantos Retos A4 - Ondesign","isPartOf":{"@id":"https:\/\/ondesign.pt\/inicio\/#website"},"primaryImageOfPage":{"@id":"https:\/\/ondesign.pt\/inicio\/produto\/snap-security-25-cantos-rectos-a4\/#primaryimage"},"image":{"@id":"https:\/\/ondesign.pt\/inicio\/produto\/snap-security-25-cantos-rectos-a4\/#primaryimage"},"thumbnailUrl":"https:\/\/i0.wp.com\/ondesign.pt\/inicio\/wp-content\/uploads\/2020\/03\/SNAP-SECURITY-25-CANTOS-RECTOS-A4.jpg?fit=427%2C488&ssl=1","datePublished":"2020-03-17T12:17:03+00:00","dateModified":"2020-04-09T11:50:37+00:00","breadcrumb":{"@id":"https:\/\/ondesign.pt\/inicio\/produto\/snap-security-25-cantos-rectos-a4\/#breadcrumb"},"inLanguage":"pt-PT","potentialAction":[{"@type":"ReadAction","target":["https:\/\/ondesign.pt\/inicio\/produto\/snap-security-25-cantos-rectos-a4\/"]}]},{"@type":"ImageObject","inLanguage":"pt-PT","@id":"https:\/\/ondesign.pt\/inicio\/produto\/snap-security-25-cantos-rectos-a4\/#primaryimage","url":"https:\/\/i0.wp.com\/ondesign.pt\/inicio\/wp-content\/uploads\/2020\/03\/SNAP-SECURITY-25-CANTOS-RECTOS-A4.jpg?fit=427%2C488&ssl=1","contentUrl":"https:\/\/i0.wp.com\/ondesign.pt\/inicio\/wp-content\/uploads\/2020\/03\/SNAP-SECURITY-25-CANTOS-RECTOS-A4.jpg?fit=427%2C488&ssl=1","width":427,"height":488},{"@type":"BreadcrumbList","@id":"https:\/\/ondesign.pt\/inicio\/produto\/snap-security-25-cantos-rectos-a4\/#breadcrumb","itemListElement":[{"@type":"ListItem","position":1,"name":"In\u00edcio","item":"https:\/\/ondesign.pt\/inicio\/"},{"@type":"ListItem","position":2,"name":"Home","item":"https:\/\/ondesign.pt\/inicio\/home\/"},{"@type":"ListItem","position":3,"name":"Snap Security 25 Cantos Retos A4"}]},{"@type":"WebSite","@id":"https:\/\/ondesign.pt\/inicio\/#website","url":"https:\/\/ondesign.pt\/inicio\/","name":"Ondesign Acrilicos & Publicidade","description":"Atelier de design e comunica\u00e7\u00e3o que desenvolve servi\u00e7os de Brand Design, Design Gr\u00e1fico &amp; Produtos","publisher":{"@id":"https:\/\/ondesign.pt\/inicio\/#organization"},"potentialAction":[{"@type":"SearchAction","target":{"@type":"EntryPoint","urlTemplate":"https:\/\/ondesign.pt\/inicio\/?s={search_term_string}"},"query-input":{"@type":"PropertyValueSpecification","valueRequired":true,"valueName":"search_term_string"}}],"inLanguage":"pt-PT"},{"@type":"Organization","@id":"https:\/\/ondesign.pt\/inicio\/#organization","name":"Ondesign Acrilicos & Publicidade","url":"https:\/\/ondesign.pt\/inicio\/","logo":{"@type":"ImageObject","inLanguage":"pt-PT","@id":"https:\/\/ondesign.pt\/inicio\/#\/schema\/logo\/image\/","url":"https:\/\/i0.wp.com\/ondesign.pt\/inicio\/wp-content\/uploads\/2021\/01\/ondesign2.png?fit=250%2C88&ssl=1","contentUrl":"https:\/\/i0.wp.com\/ondesign.pt\/inicio\/wp-content\/uploads\/2021\/01\/ondesign2.png?fit=250%2C88&ssl=1","width":250,"height":88,"caption":"Ondesign Acrilicos & Publicidade"},"image":{"@id":"https:\/\/ondesign.pt\/inicio\/#\/schema\/logo\/image\/"},"sameAs":["https:\/\/www.facebook.com\/ondesignagency","https:\/\/www.instagram.com\/ondesign.pt\/","https:\/\/www.linkedin.com\/in\/nuno-loureno-455835101\/"]}]}},"jetpack_publicize_connections":[],"jetpack_sharing_enabled":true,"tiered_pricing_type":"fixed","tiered_pricing_fixed_rules":[],"tiered_pricing_product_settings":{"layout":"default","base_unit_name":{"singular":null,"plural":null},"default_variation":null},"tiered_pricing_minimum_quantity":null,"tiered_pricing_roles_data":[],"tiered_pricing_percentage_rules":[],"_links":{"self":[{"href":"https:\/\/ondesign.pt\/inicio\/wp-json\/wp\/v2\/product\/277","targetHints":{"allow":["GET"]}}],"collection":[{"href":"https:\/\/ondesign.pt\/inicio\/wp-json\/wp\/v2\/product"}],"about":[{"href":"https:\/\/ondesign.pt\/inicio\/wp-json\/wp\/v2\/types\/product"}],"wp:featuredmedia":[{"embeddable":true,"href":"https:\/\/ondesign.pt\/inicio\/wp-json\/wp\/v2\/media\/275"}],"wp:attachment":[{"href":"https:\/\/ondesign.pt\/inicio\/wp-json\/wp\/v2\/media?parent=277"}],"wp:term":[{"taxonomy":"product_brand","embeddable":true,"href":"https:\/\/ondesign.pt\/inicio\/wp-json\/wp\/v2\/product_brand?post=277"},{"taxonomy":"product_cat","embeddable":true,"href":"https:\/\/ondesign.pt\/inicio\/wp-json\/wp\/v2\/product_cat?post=277"},{"taxonomy":"product_tag","embeddable":true,"href":"https:\/\/ondesign.pt\/inicio\/wp-json\/wp\/v2\/product_tag?post=277"}],"curies":[{"name":"wp","href":"https:\/\/api.w.org\/{rel}","templated":true}]}}